ided by 123.
38
Calculate the remainder when 960 is divided by 815.
145
Calculate the remainder when 7591 is divided by 763.
724
What is the remainder when 872 is divided by 227?
191
Calculate the remainder when 49329 is divided by 115.
109
Calculate the remainder when 204068 is divided by 179.
8
What is the remainder when 56247 is divided by 74?
7
What is the remainder when 1676 is divided by 786?
104
Calculate the remainder when 1729 is divided by 705.
319
What is the remainder when 1212949 is divided by 104?
101
What is the remainder when 60718 is divided by 115?
113
What is the remainder when 232296 is divided by 956?
944
What is the remainder when 741 is divided by 106?
105
What is the remainder when 916946 is divided by 10?
6
What is the remainder when 21843 is divided by 1083?
183
What is the remainder when 12077 is divided by 462?
65
What is the remainder when 44748 is divided by 396?
0
Calculate the remainder when 142441 is divided by 37.
28
Calculate the remainder when 3446 is divided by 1143.
17
What is the remainder when 93095 is divided by 266?
261
Calculate the remainder when 26674 is divided by 5328.
34
What is the remainder when 10952 is divided by 144?
8
What is the remainder when 5785 is divided by 5763?
22
What is the remainder when 81280 is divided by 62?
60
Calculate the remainder when 1148 is divided by 12.
8
Calculate the remainder when 22850 is divided by 11219.
412
Calculate the remainder when 10471 is divided by 5233.
5
Calculate the remainder when 8790 is divided by 4337.
116
Calculate the remainder when 11250 is divided by 11138.
112
Calculate the remainder when 4957 is divided by 57.
55
Calculate the remainder when 5847029 is divided by 630.
629
Calculate the remainder when 15201 is divided by 157.
129
Calculate the remainder when 555779 is divided by 157.
156
Calculate the remainder when 26497 is divided by 32.
1
Calculate the remainder when 197020 is divided by 25.
20
Calculate the remainder when 45965 is divided by 125.
90
What is the remainder when 1599 is divided by 314?
29
Calculate the remainder when 24034 is divided by 7979.
97
Calculate the remainder when 6304 is divided by 315.
4
What is the remainder when 181696 is divided by 115?
111
What is the remainder when 124894 is divided by 31222?
6
What is the remainder when 117168 is divided by 141?
138
What is the remainder when 59263 is divided by 18?
7
What is the remainder when 16078 is divided by 8008?
62
What is the remainder when 808246 is divided by 566?
564
Calculate the remainder when 95191 is divided by 160.
151
What is the remainder when 151526 is divided by 14?
4
Calculate the remainder when 46199 is divided by 289.
248
Calculate the remainder when 40559 is divided by 1763.
10
What is the remainder when 39423 is divided by 7?
6
What is the remainder when 671 is divided by 351?
320
What is the remainder when 5317 is divided by 239?
59
Calculate the remainder when 20036 is divided by 911.
905
Calculate the remainder when 10395 is divided by 95.
40
Calculate the remainder when 15133 is divided by 163.
137
What is the remainder when 11858 is divided by 167?
1
Calculate the remainder when 51074 is divided by 413.
275
What is the remainder when 1727 is divided by 116?
103
What is the remainder when 841520 is divided by 21?
8
What is the remainder when 1364 is divided by 363?
275
What is the remainder when 107295 is divided by 12?
3
What is the remainder when 558 is divided by 394?
164
What is the remainder when 1450337 is divided by 3099?
5
Calculate the remainder when 2614 is divided by 67.
1
Calculate the remainder when 631 is divided by 160.
151
Calculate the remainder when 748581 is divided by 7339.
3
What is the remainder when 1799 is divided by 755?
289
Calculate the remainder when 276726 is divided by 46118.
18
Calculate the remainder when 12090 is divided by 151.
10
Calculate the remainder when 180292 is divided by 597.
595
What is the remainder when 99090 is divided by 503?
502
What is the remainder when 19563 is divided by 850?
13
What is the remainder when 108456 is divided by 41?
11
Calculate the remainder when 56304 is divided by 28123.
58
What is the remainder when 80288 is divided by 31?
29
Calculate the remainder when 7738 is divided by 1934.
2
What is the remainder when 641 is divided by 610?
31
What is the remainder when 5442070 is divided by 757?
754
What is the remainder when 9568 is divided by 466?
248
Calculate the remainder when 22864 is divided by 1525.
1514
What is the remainder when 174635 is divided by 594?
593
Calculate the remainder when 138928 is divided by 543.
463
What is the remainder when 384625 is divided by 192311?
3
What is the remainder when 2103 is divided by 910?
283
What is the remainder when 2372 is divided by 28?
20
What is the remainder when 349977 is divided by 60?
57
Calculate the remainder when 340750 is divided by 623.
592
What is the remainder when 12911 is divided by 614?
17
Calculate the remainder when 63114 is divided by 509.
507
What is the remainder when 2636 is divided by 364?
88
What is the remainder when 213686 is divided by 10175?
11
Calculate the remainder when 98110 is divided by 42.
40
Calculate the remainder when 500778 is divided by 365.
363
Calculate the remainder when 22992 is divided by 851.
15
What is the remainder when 2329 is divided by 212?
209
What is the remainder when 121 is divided by 65?
56
Calculate the remainder when 13222 is divided by 733.
28
Calculate the remainder when 438220 is divided by 488.
484
What is the remainder when 26308 is divided by 26?
22
Calculate the remainder when 883 is divided by 299.
285
Calculate the remainder when 1047391 is divided by 1469.
1463
What is the remainder when 831 is divided by 81?
21
Calculate the remainder when 99304 is divided by 361.
29
Calculate the remainder when 1850 is divided by 475.
425
Calculate the remainder when 6788 is divided by 3321.
146
Calculate the remainder when 5656 is divided by 1123.
41
Calculate the remainder when 87514 is divided by 33.
31
Calculate the remainder when 18945 is divided by 9467.
11
What is the remainder when 74651 is divided by 7465?
1
Calculate the remainder when 63673 is divided by 79.
78
What is the remainder when 127659 is divided by 19?
17
What is the remainder when 559965 is divided by 57?
54
What is the remainder when 48364 is divided by 24?
4
Calculate the remainder when 35850 is divided by 216.
210
Calculate the remainder when 24442 is divided by 495.
187
What is the remainder when 2195 is divided by 404?
175
Calculate the remainder when 58446 is divided by 25.
21
What is the remainder when 7867 is divided by 202?
191
What is the remainder when 20197483 is divided by 11?
9
What is the remainder when 999 is divided by 245?
19
What is the remainder when 1034277 is divided by 258566?
13
What is the remainder when 22952 is divided by 7528?
368
What is the remainder when 4399 is divided by 37?
33
Calculate the remainder when 95939 is divided by 15.
14
Calculate the remainder when 1172 is divided by 157.
73
Calculate the remainder when 2910 is divided by 2237.
673
Calculate the remainder when 110879 is divided by 8.
7
What is the remainder when 214225 is divided by 71404?
13
Calculate the remainder when 1002 is divided by 242.
34
Calculate the remainder when 60578 is divided by 10.
8
Calculate the remainder when 21148 is divided by 33.
28
What is the remainder when 506339 is divided by 870?
869
Calculate the remainder when 695791 is divided by 173945.
11
Calculate the remainder when 8102 is divided by 477.
470
Calculate the remainder when 125745 is divided by 15.
0
Calculate the remainder when 13683 is divided by 13671.
12
What is the remainder when 140015 is divided by 7369?
4
What is the remainder when 992447 is divided by 16?
15
What is the remainder when 47260 is divided by 47156?
104
What is the remainder when 3044 is divided by 89?
18
What is the remainder when 16797 is divided by 200?
197
What is the remainder when 13662 is divided by 187?
11
What is the remainder when 59398 is divided by 100?
98
Calculate the remainder when 34981 is divided by 6961.
176
What is the remainder when 1412 is divided by 787?
625
Calculate the remainder when 658 is divided by 21.
7
Calculate the remainder whe